e remainder when t(2) is divided by 51.
46
Let u(a) = 9*a - 1. Let r be 55/4 + 3/(-4). Let v = 2 + r. Calculate the remainder when v is divided by u(1).
7
Let f = -4 + 36. Suppose 3*k + 194 = f. Let p = -36 - k. Calculate the remainder when 35 is divided by p.
17
Let h(o) = -o**3 + 7*o**2 + 8*o + 7. Calculate the remainder when 25 is divided by h(8).
4
Suppose -99 + 79 = -4*d. What is the remainder when 18 is divided by d?
3
Let f = 122 + -59. Calculate the remainder when f is divided by 23.
17
Suppose -4*v = 5*s - 302, s + v = 6*s - 312. Calculate the remainder when s is divided by 16.
14
Calculate the remainder when ((-9)/(-6))/(6/204) is divided by (0 + 52/6)*3.
25
Suppose -5*l + 3*l - 2 = 0. Calculate the remainder when 26 is divided by 4*((-39)/(-12) + l).
8
Suppose 19 = -2*g + 25. Let u = 0 - 0. Suppose -2*q + q + o + 6 = u, 0 = -5*q - o + 30. Calculate the remainder when q is divided by g.
0
Let x(c) = 0*c + 13 - 16*c + c**2 + 4*c. Let y be x(10). Let u = y + 8. What is the remainder when u is divided by 1?
0
Suppose -3*q + 6*q = 21. Calculate the remainder when 18 is divided by q.
4
Suppose -3 = 5*t + 17. Let i = 8 - t. Suppose 5*j - 17 = 18. What is the remainder when i is divided by j?
5
Let f(o) = -8*o + 1. Let g be 3*1/(2/2). Let v(a) = a + 3. Calculate the remainder when f(-2) is divided by v(g).
5
Suppose 0 = 2*u - 12 + 2, 5*u - 88 = -3*j. What is the remainder when 104 is divided by j?
20
Suppose 2*g = -0*g + 52. Let j = -10 + 59. What is the remainder when j is divided by g?
23
Suppose -3*b + b + 12 = 0. Let q = 38 + -33. Calculate the remainder when b is divided by q.
1
What is the remainder when 124 is divided by (-4)/8 - (-255)/10?
24
Let h(j) = 2*j**2 + 6*j - 6. What is the remainder when 58 is divided by h(-6)?
28
Suppose 0 = -2*l - l + 75. Calculate the remainder when 74 is divided by l.
24
Let o be (0/(-5))/((-4)/2). Let g be 1/(3/27) - o. Suppose 0 = 3*u - 3*q - 150, -5*q + g = -16. Calculate the remainder when u is divided by 19.
17
Let m(c) = -c**2 - c + 26. Calculate the remainder when (7/14)/(1/98) is divided by m(0).
23
Suppose -21 = u - 129. Suppose 0 = 4*z - 0*k - 2*k - u, -2*z + 46 = k. Let f = 10 - -3. Calculate the remainder when z is divided by f.
12
Suppose 8 = 5*w + 3. Let q = w + -4. Let v(d) = 3*d**2 + 2*d + 3. What is the remainder when v(q) is divided by 13?
11
Suppose -j = -11 - 2. Calculate the remainder when j is divided by 7.
6
Let r(c) = 3*c**2 + c - 1. Let w be r(-2). Suppose w = q + 4*b - 2*b, -5*q + 36 = b. Let o(h) = 2*h - 8. What is the remainder when q is divided by o(6)?
3
Calculate the remainder when 48 is divided by (-42)/(-2) + -11 + 7.
14
Suppose 3*l = -2*t + 53, l + 2*t = -2*t + 1. Calculate the remainder when 39 is divided by l.
18
What is the remainder when 202 - (-1 + (-3 - -3)) is divided by 51?
50
Suppose 2*g + 3*g - 95 = 0. Suppose -2*j = 2, -3*j = -5*m - j + 382. Suppose 220 = 4*r + m. Calculate the remainder when r is divided by g.
17
Suppose -28 = -5*x + 7. Suppose -v - 4 = -p - 2*p, 4 = 2*p. What is the remainder when x is divided by (-3 + 36/8)*v?
1
Let m = 0 + 5. What is the remainder when 14 is divided by m?
4
Let l = 1 + -4. Let d = l - -14. What is the remainder when 31 is divided by d?
9
Let n = -38 - -58. Calculate the remainder when n is divided by 11.
9
Let c = -13 + 25. Calculate the remainder when 33 is divided by c.
9
Let r = 493 + -416. Suppose -26 = -4*n + 78. What is the remainder when r is divided by n?
25
Let m(d) = 2*d + 4. Let w be m(-5). What is the remainder when ((-66)/(-4))/(3/4) is divided by (-9)/2*16/w?
10
Let s(o) = o + 20. What is the remainder when 57 is divided by s(-5)?
12
Let y = 53 + -28. Let l = y + -15. Suppose -z - 2*h = z - l, 3 = z - h. What is the remainder when z is divided by 3?
1
Let r = 31 - 0. Calculate the remainder when r is divided by (-6)/21 + (-79)/(-7).
9
Let a = -6 + 17. What is the remainder when 19 is divided by a?
8
Let a(z) = 5*z. Let l be a(1). Suppose -l*q = -2*r - 92 - 186, 2*q - 107 = 5*r. What is the remainder when q is divided by 19?
18
Let w(t) = 2*t**2 + 5*t - 10. Let p be 2/6 - (-2)/(-6). Suppose p = 5*h + 2*o - 207, -2*h - 125 = -5*h - o. Calculate the remainder when h is divided by w(-5).
13
Suppose -5*i + 45 = -3*p - 2*p, -5*p - 21 = -i. Let d = i + 41. What is the remainder when d is divided by 8?
7
Calculate the remainder when 98 is divided by (-7)/(-42) + 238/12.
18
Let i(p) = -p**2 + 21*p - 26. What is the remainder when i(17) is divided by 15?
12
Let i(f) = 0*f - f + 4 + 3*f. Calculate the remainder when 79 is divided by i(8).
19
Let n = 15 - -2. Let y be 19/3 + 6/9. Let q(o) = 2*o**2 - 9*o - 2. What is the remainder when q(y) is divided by n?
16
Let s = 36 - 17. What is the remainder when s is divided by 7?
5
Suppose -2*m + 0*m + 68 = 0. What is the remainder when m is divided by 13?
8
Let r = 15 - 9. Suppose -3*d = 3*b - r, -b + 4*d = 2*d - 11. Suppose 3*g + 2*g = -3*l + 59, -4*l - 3*g + 64 = 0. What is the remainder when l is divided by b?
3
Let p = 18 - 4. What is the remainder when p is divided by ((-16)/6)/(6/(-18))?
6
Suppose -2*g + 82 + 16 = 0. Let c = g + -19. What is the remainder when c is divided by 8?
6
Let v = 48 + -21. Calculate the remainder when v is divided by 10.
7
Let a = -6 + 4. Let u be 39 - (-1)/(1/a). Let t = u - 20. Calculate the remainder when t is divided by 9.
8
Let f be 45/12 + (-1)/(-4). Suppose 0 = -f*x + 4 + 4. Calculate the remainder when 392/22 + x/11 is divided by 7.
4
Suppose 2*s - 12 = 2*a, 4*s - 3*a = -4*a + 14. What is the remainder when 13 is divided by s?
1
Let v = -37 + 57. Suppose 24 - 6 = -2*n. Let p(b) = -b**3 - 9*b**2 - 8*b - 13. What is the remainder when p(n) is divided by v?
19
Let r(n) = 19*n**2 - 1. Suppose -4*i - 194 = -3*k, -543 + 213 = -5*k + 5*i. Calculate the remainder when k is divided by r(-1).
16
Let j be (6/4*2)/3. Calculate the remainder when j - -59 - -2 - 3 is divided by 15.
14
Suppose g + 2*v - 82 = 0, 0 = -0*g - 3*g - 2*v + 226. Suppose -z + g = 2*z. What is the remainder when 94 is divided by z?
22
Suppose 4*h + 2*y - 374 = 3*y, h - 104 = -5*y. Let l = 132 - h. Let o = -20 + 40. Calculate the remainder when l is divided by o.
18
Let c = -10 - -22. Let n = 20 + -15. Calculate the remainder when c is divided by n.
2
Let j(h) = 0*h - 6*h + 0*h. Let f = 21 - 4. Calculate the remainder when f is divided by j(-1).
5
Suppose -k - 693 = -8*k. What is the remainder when k is divided by 29?
12
Calculate the remainder when 95 is divided by (-657)/(-27) + ((-5)/3)/5.
23
Suppose 0*g + 7 = -f + 4*g, -5*f - 2*g + 31 = 0. Suppose p - f*s = 13, -5*s - 5 - 2 = p. What is the remainder when 20 is divided by p?
2
Suppose 3*f - 6 + 0 = 0. Suppose 0 = -2*x - f*x + 28. What is the remainder when x is divided by 4?
3
Let f(o) be the third derivative of o**5/30 + o**4/12 + 5*o**3/6 - 3*o**2. What is the remainder when f(-4) is divided by 15?
14
Calculate the remainder when 26/(-6 - -3 - -1 - -3) is divided by 7.
5
Let w be (-25)/(-9) + (-4)/(-18). Suppose w*u + 2*u = 20. Let r = u - 0. What is the remainder when 13 is divided by r?
1
What is the remainder when 252/35*(-105)/(-3) is divided by 15?
12
Let r be (14/3)/((-8)/(-12)). Suppose -4*t + 14 = -3*b, -t + r = 4*b - 6. Calculate the remainder when 9 is divided by t.
4
Let a(p) = -2*p - 9. Let z be a(-6). Suppose -z*k = -15, 0*x + 4*k - 34 = -x. What is the remainder when 39 is divided by x?
11
Let p(g) = g**3 + 10*g**2 - 2*g - 6. Calculate the remainder when p(-10) is divided by 9.
5
Calculate the remainder when 8/(-1 + (3 - (-32)/(-17))) is divided by 23.
22
Suppose 2*o - 4 - 36 = 0. Let u = 67 - o. What is the remainder when u is divided by 0 - 2/2 - -17?
15
Let i = 250 - 58. Suppose -2*t = -5*m - 96, 0 = 2*t - 6*t + m + i. Suppose 4*l - 4*o = t, o = 2*l - 0*o - 22. Calculate the remainder when 27 is divided by l.
7
Let g(v) = -2*v**2 + 14*v + 5. Let w be g(10). Let p = w + 98. What is the remainder when p is divided by 23?
20
Suppose 5*c - 27 = 28. What is the remainder when 31 is divided by c?
9
Suppose 24 = -0*j + j. Let w = -11 + j. Calculate the remainder when 36 is divided by w.
10
Let g(q) = q**2 - 4*q - 4. Let j be g(6). Let n(p) = -p**3 - 6*p**2 - 3*p. Let d be n(-6). Let v = d - j. Calculate the 